{"id":98,"date":"2022-04-18T21:52:52","date_gmt":"2022-04-18T12:52:52","guid":{"rendered":"https:\/\/sgnjpnmass.zenmai.org\/?page_id=98"},"modified":"2022-04-18T22:52:04","modified_gmt":"2022-04-18T13:52:04","slug":"gioi-thieu-cong-dong","status":"publish","type":"page","link":"https:\/\/sgnjpnmass.zenmai.org\/?page_id=98&lang=vi","title":{"rendered":"Gi\u1edbi thi\u1ec7u c\u1ed9ng \u0111\u1ed9ng"},"content":{"rendered":"<p>\u0110ay l\u00e0 website c\u1ee7a C\u1ed9ng \u0111\u1ed9ng c\u00f4ng gi\u00e1o ti\u1ebfng Nh\u1eadt t\u1ea1i S\u00e0i G\u00f2n. (\u0111\u00e3 \u0111\u01b0\u1ee3c gi\u00e1o ph\u1eadn S\u00e0i G\u00f2n cho ph\u00e9p)<\/p>\n<h1 class=\"tittle1\">L\u1ec5 ti\u1ebfng Nh\u1eadt <\/h1>\n<p>Ch\u1ee7 Nh\u1eadt tu\u1ea7n th\u1ee9 3 m\u1ed7i th\u00e1ng c\u00f3 l\u1ec5 ti\u1ebfng Nh\u1eadt. xin xem ch\u1ec9 ti\u1ebft <a href=\"https:\/\/sgnjpnmass.zenmai.org\/vi\/huong-dan-le\/\">trang n\u00e0y<\/a>.<\/p>\n<h1 class=\"tittle1\">V\u1ec1 r\u1eeda t\u1ed9i<\/h1>\n<p>D\u1ea1o g\u1ea7n \u0111\u00e2y c\u00f3 nhi\u1ec1u ng\u01b0\u1eddi Nh\u1eadt mu\u1ed1n \u0111\u01b0\u1ee3c r\u1eeda t\u00f4i v\u00ec k\u1ebft h\u00f4n v\u1edbi ng\u01b0\u1eddi c\u00f4ng gi\u00e1o Vi\u1ec7t Nam. ch\u00fang t\u00f4i c\u00f3 th\u1ec3 t\u01b0 v\u1ea5n \u0111\u01b0\u1ee3c. h\u00e3y g\u1eedi email t\u1edbi <a href=\"mailto:saigonjapanesemass@gmail.com?subject=\u5171\u540c\u4f53\u3078\u306e\u304a\u554f\u3044\u5408\u308f\u305b\uff08\u30db\u30fc\u30e0\u30da\u30fc\u30b8\u304b\u3089\uff09\">saigonjapanesemass@gmail.com<\/a>. (s\u1ebd chuy\u1ec3n ti\u1ebfp \u0111\u1ebfn \u1ee7y vi\u00ean c\u1ee7a c\u1ed9ng \u0111\u1ed3ng. kh\u00f4ng n\u00ean s\u1eeda l\u1ea1i ti\u00eau \u0111\u1ec1 c\u1ee7a email) <\/p>\n<h1 class=\"tittle1\">Vi\u1ec7c kh\u00e1c<\/h1>\n<p>ch\u00fang t\u00f4i nh\u1eadn t\u01b0 v\u1ea5n v\u1ec1 c\u00e1c v\u1ea5n \u0111\u1ec1 li\u00ean quan c\u00f4ng gi\u00e1o. xin h\u00e3y g\u1eedi email b\u1eb1ng form tr\u00ean.<\/p>\n<p>ch\u00fang t\u00f4i c\u0169ng c\u00f3 <a href=\"https:\/\/twitter.com\/saigonjpnmass\">Twitter<\/a>\u3001<a href=\"https:\/\/www.facebook.com\/saigonjapanesemass\">facebook<\/a>.<\/p>\n","protected":false},"excerpt":{"rendered":"<p>\u0110ay l\u00e0 website c\u1ee7a C\u1ed9ng \u0111\u1ed9ng c\u00f4ng gi\u00e1o ti\u1ebfng Nh\u1eadt t\u1ea1i S\u00e0i G\u00f2n. (\u0111\u00e3 \u0111\u01b0\u1ee3c gi\u00e1o ph\u1eadn S\u00e0i G\u00f2n cho ph\u00e9p) L\u1ec5 ti\u1ebfng N <a class=\"more-link\" href=\"https:\/\/sgnjpnmass.zenmai.org\/?page_id=98&#038;lang=vi\">\u7d9a\u304d\u3092\u8aad\u3080 <span class=\"screen-reader-text\">  Gi\u1edbi thi\u1ec7u c\u1ed9ng \u0111\u1ed9ng<\/span><span class=\"meta-nav\">&rarr;<\/span><\/a><\/p>\n","protected":false},"author":1,"featured_media":0,"parent":0,"menu_order":0,"comment_status":"closed","ping_status":"closed","template":"","meta":{"footnotes":""},"categories":[],"tags":[],"class_list":["post-98","page","type-page","status-publish","hentry"],"_links":{"self":[{"href":"https:\/\/sgnjpnmass.zenmai.org\/index.php?rest_route=\/wp\/v2\/pages\/98","targetHints":{"allow":["GET"]}}],"collection":[{"href":"https:\/\/sgnjpnmass.zenmai.org\/index.php?rest_route=\/wp\/v2\/pages"}],"about":[{"href":"https:\/\/sgnjpnmass.zenmai.org\/index.php?rest_route=\/wp\/v2\/types\/page"}],"author":[{"embeddable":true,"href":"https:\/\/sgnjpnmass.zenmai.org\/index.php?rest_route=\/wp\/v2\/users\/1"}],"replies":[{"embeddable":true,"href":"https:\/\/sgnjpnmass.zenmai.org\/index.php?rest_route=%2Fwp%2Fv2%2Fcomments&post=98"}],"version-history":[{"count":0,"href":"https:\/\/sgnjpnmass.zenmai.org\/index.php?rest_route=\/wp\/v2\/pages\/98\/revisions"}],"wp:attachment":[{"href":"https:\/\/sgnjpnmass.zenmai.org\/index.php?rest_route=%2Fwp%2Fv2%2Fmedia&parent=98"}],"wp:term":[{"taxonomy":"category","embeddable":true,"href":"https:\/\/sgnjpnmass.zenmai.org\/index.php?rest_route=%2Fwp%2Fv2%2Fcategories&post=98"},{"taxonomy":"post_tag","embeddable":true,"href":"https:\/\/sgnjpnmass.zenmai.org\/index.php?rest_route=%2Fwp%2Fv2%2Ftags&post=98"}],"curies":[{"name":"wp","href":"https:\/\/api.w.org\/{rel}","templated":true}]}}